{"id":126,"date":"2014-05-30T16:27:35","date_gmt":"2014-05-30T16:27:35","guid":{"rendered":"http:\/\/www.javiermartin.net\/?page_id=126"},"modified":"2014-05-30T18:20:49","modified_gmt":"2014-05-30T18:20:49","slug":"formacion","status":"publish","type":"page","link":"http:\/\/www.javiermartin.net\/?page_id=126","title":{"rendered":"Formaci\u00f3n"},"content":{"rendered":"<p style=\"text-align: justify;\">Llegu\u00e9 al mundo de la Formaci\u00f3n a principios del a\u00f1o 2006, me ofrecieron impartir el\u00a0<em>M\u00f3dulo de Aplicaciones Inform\u00e1ticas del III Curso de T\u00e9cnico Militar en Seguridad y Defensa del Ej\u00e9rcito de Tierra<\/em>, en el hoy conocido como Centro de Formaci\u00f3n de Tropa N\u00ba1 de C\u00e1ceres.<\/p>\n<p style=\"text-align: justify;\">Cuando empiezas tu primera clase a las 15:30, delante de 40 alumnos uniformados, y sin darte cuenta te dan las 16:30; es cuando notas que esto de la Formaci\u00f3n es especial, y me gusta.<\/p>\n<p style=\"text-align: justify;\">Durante varios a\u00f1os he tenido la oportunidad de participar en este Curso de T\u00e9cnico Militar, guardo muy buen recuerdo de muchos de mis alumnos, de sus mandos, y del propio CEFOT N\u00ba1 que me abri\u00f3 un mundo nuevo hasta entonces.<\/p>\n<blockquote><p>Desde aquella primera experiencia en 2006 hasta hoy, habr\u00e9 impartido unas 2000 horas en diferentes Cursos de Formaci\u00f3n. Adem\u00e1s de las innumerables Formaciones en mi actual labor como Formador del Ministerio de Justicia.<\/p><\/blockquote>\n<p style=\"text-align: center;\"><img loading=\"lazy\" class=\" wp-image-123 aligncenter\" alt=\"formacion\" src=\"http:\/\/www.javiermartin.net\/wp-content\/uploads\/2014\/05\/formacion.png\" width=\"626\" height=\"392\" srcset=\"http:\/\/www.javiermartin.net\/wp-content\/uploads\/2014\/05\/formacion.png 782w, http:\/\/www.javiermartin.net\/wp-content\/uploads\/2014\/05\/formacion-300x187.png 300w\" sizes=\"(max-width: 626px) 100vw, 626px\" \/><\/p>\n<blockquote><p>Estas son algunas de mis caracter\u00edsticas como Formador, y las tem\u00e1ticas sobre las que suelo formar.<\/p><\/blockquote>\n","protected":false},"excerpt":{"rendered":"<p>Llegu\u00e9 al mundo de la Formaci\u00f3n a principios del a\u00f1o 2006, me ofrecieron impartir el\u00a0M\u00f3dulo de Aplicaciones Inform\u00e1ticas del III Curso de T\u00e9cnico Militar en Seguridad y Defensa del Ej\u00e9rcito de Tierra, en el hoy conocido como Centro de Formaci\u00f3n de Tropa N\u00ba1 de C\u00e1ceres. Cuando empiezas tu primera clase a las 15:30, delante de [&hellip;]<\/p>\n","protected":false},"author":1,"featured_media":123,"parent":0,"menu_order":0,"comment_status":"open","ping_status":"open","template":"","meta":[],"_links":{"self":[{"href":"http:\/\/www.javiermartin.net\/index.php?rest_route=\/wp\/v2\/pages\/126"}],"collection":[{"href":"http:\/\/www.javiermartin.net\/index.php?rest_route=\/wp\/v2\/pages"}],"about":[{"href":"http:\/\/www.javiermartin.net\/index.php?rest_route=\/wp\/v2\/types\/page"}],"author":[{"embeddable":true,"href":"http:\/\/www.javiermartin.net\/index.php?rest_route=\/wp\/v2\/users\/1"}],"replies":[{"embeddable":true,"href":"http:\/\/www.javiermartin.net\/index.php?rest_route=%2Fwp%2Fv2%2Fcomments&post=126"}],"version-history":[{"count":7,"href":"http:\/\/www.javiermartin.net\/index.php?rest_route=\/wp\/v2\/pages\/126\/revisions"}],"predecessor-version":[{"id":140,"href":"http:\/\/www.javiermartin.net\/index.php?rest_route=\/wp\/v2\/pages\/126\/revisions\/140"}],"wp:featuredmedia":[{"embeddable":true,"href":"http:\/\/www.javiermartin.net\/index.php?rest_route=\/wp\/v2\/media\/123"}],"wp:attachment":[{"href":"http:\/\/www.javiermartin.net\/index.php?rest_route=%2Fwp%2Fv2%2Fmedia&parent=126"}],"curies":[{"name":"wp","href":"https:\/\/api.w.org\/{rel}","templated":true}]}}